1
Let l(b) = -3*b - 12. Suppose -234 = -4*a + 114. What is the remainder when a is divided by l(-10)?
15
What is the remainder when -3*(16 + -3)*-7 + 5 is divided by 40?
38
Let y = -19 - -21. Suppose y*f - 125 = -3*f. Calculate the remainder when f is divided by 14.
11
Let c = -5 + 10. Suppose 0 = -4*y + 2*l + 228, c*y = 2*l + 175 + 108. What is the remainder when (-214)/(-10) + (-22)/y is divided by 11?
10
Suppose 4*o - 167 = 3*n, 3*o + 5*n = 136 - 47. Suppose 0 = -5*c + 9 + 16. Calculate the remainder when o is divided by (-1)/(-1*c/50).
8
Suppose -91*d = -90*d - 37. What is the remainder when 143 is divided by d?
32
Let g = -713 - -861. What is the remainder when g is divided by 12?
4
Let i(h) = 27*h + 12. Let a be i(15). What is the remainder when (a/(-5) + -1)/((-4)/10) is divided by 54?
49
Calculate the remainder when (-17105)/(-65) + -6 - (-4)/(-26) is divided by 5.
2
Let m = 18 - 7. Suppose -5*w - 30*k = -26*k - 153, -k = -5*w + 143. Calculate the remainder when w is divided by m.
7
Let u = -147 + 251. Calculate the remainder when 409 is divided by u.
97
Let a = -187 + 15. Let f = a + 188. What is the remainder when 58 is divided by f?
10
Suppose 3*a = -5*t + 130, -t + 5*a + 17 = -9. Let f(v) = v**2 + 4*v + 6. What is the remainder when t is divided by f(-4)?
2
Suppose 12 = -3*h, -3*g - 2*h + 22 = 2*g. Suppose -g = n - 15. Suppose z + 0*z - 33 = 0. What is the remainder when z is divided by n?
6
Let o(m) = m**3 - 22*m**2 + 57*m + 63. Calculate the remainder when 252 is divided by o(19).
0
Let t(l) = 2*l**2 - 49. What is the remainder when t(7) is divided by 12?
1
Let f(o) = 21*o - 1. Let l(s) = s**3 - 4*s**2 - 4*s - 4. Let p be l(5). Calculate the remainder when 98 is divided by f(p).
18
Suppose 0 = 4*w + 2 - 6, -2*u + 4*w = -6. Suppose -u*a + 350 = -a + 2*y, 5*y - 25 = 0. Calculate the remainder when a is divided by 29.
27
Suppose z = -3, p + 5*z = -0*z + 30. Let i be 3/2*(-10)/(-5). Suppose 7*h - 5*j - 48 = i*h, 0 = h - j - 13. Calculate the remainder when p is divided by h.
11
Let h(v) = -6*v**2 - v + 4. Let l be h(5). What is the remainder when (l*2)/(1 + -3) is divided by 38?
37
Let o(g) = g**2 + 20*g + 60. Let h = 47 - 65. What is the remainder when 66 is divided by o(h)?
18
Let i(a) = 11*a**2 + 3*a - 25. Let q(g) = 5*g**2 + g - 12. Let w(m) = 6*i(m) - 13*q(m). Calculate the remainder when w(-6) is divided by 7.
5
Suppose -23 - 1 = -4*h. Suppose 3*f = f + 30. Let b = f + -5. What is the remainder when b is divided by h?
4
Let p = -4481 + 4507. Suppose -5*m + 4*m + 4 = 0. What is the remainder when p is divided by m?
2
Suppose -5*y + 3*y - 2 = 0. Calculate the remainder when 113 is divided by y*(-190)/(-3 + 8).
37
What is the remainder when 265 is divided by 4 + ((-144)/6)/4 + 55?
0
Let p be (-1)/((-56)/(-52) + -1). Let s = p - -18. Calculate the remainder when 37 is divided by s.
2
Let i(z) = -3*z - 18. Let x be i(-6). Suppose x*t + 4 = t. Suppose -3*p + 48 = t*d + p, -d - 2*p + 9 = 0. What is the remainder when 57 is divided by d?
12
Let y = -31 - -65. Let w be -4 - (2 + 2)/4. Let v(r) = r**2 + 2*r + 3. What is the remainder when y is divided by v(w)?
16
What is the remainder when 18 is divided by ((-3)/(-6))/(3/48)?
2
Suppose 2*w = 5*g + 165, 167 = 5*w - 2*g - 214. Let r = w + -48. Calculate the remainder when r is divided by 15.
12
Suppose 4 = 2*c - 86. Let x = 32 - c. Let u = 17 + x. Calculate the remainder when 6 is divided by u.
2
Let b(t) = 17*t**3 - 9*t**2 + 12*t - 4. What is the remainder when 16 is divided by b(1)?
0
Suppose -182*x = -174*x - 208. What is the remainder when 102 is divided by x?
24
Let o = -33 + 35. Calculate the remainder when 5 is divided by o.
1
Suppose -2*f - 809 = -947. What is the remainder when 750 is divided by f?
60
Let l(g) = -9*g - 2. Suppose 8 = -3*r - 4. Let k(i) = -5*i - 1. Let n(o) = r*l(o) + 7*k(o). Calculate the remainder when 29 is divided by n(9).
9
Suppose 0 = -i + 4*p + 20, 4*p + 8 + 8 = 0. Calculate the remainder when (13 - 1) + (10 - 176/11) is divided by i.
2
Suppose 2*q - 25 + 1 = 0. What is the remainder when 1739 is divided by q?
11
Let r be 2/1 - (-3 - 7). Suppose 3*f = -f + r. What is the remainder when 4 is divided by f?
1
Suppose q - w + 2 = 0, -2*q + 10 = -3*q + 3*w. Suppose 0 = g + 4*t - 19, -q*g - 3*t + 20 = -t. What is the remainder when 25 is divided by g?
4
Suppose -4*p + 162 = 3*f + 17, 5*p - 189 = 4*f. Calculate the remainder when 142 is divided by p.
31
What is the remainder when 6/(-78) + (-40)/(-13) is divided by 3?
0
Let g = 7 + 12. Suppose -2*y + 15 = -7*y, 34 = -u - 2*y. Calculate the remainder when u/(-98) + 383/7 is divided by g.
17
Let u be (-3)/3*-4*2. Let z = u + -9. What is the remainder when (2 - (-44 + z)) + -2 is divided by 12?
9
Suppose -2*v - n = -13, -v + 2*n = -3*v + 8. Let o(s) = -9*s**3 + 2*s**2 - 1. Let c be o(-1). What is the remainder when 1 + 31 - c/(-5) is divided by v?
7
Let l = -2494 - -2530. Calculate the remainder when l is divided by 19.
17
Let t(q) = 3*q**2 + 11*q + 78. What is the remainder when 2540 is divided by t(-4)?
80
Let n(t) = -2*t**3 - 7*t**2 + 6*t + 14. Let v be n(-4). Suppose -k = -10 + v. Calculate the remainder when 21 is divided by k.
1
Let j(g) = -2*g - 6. Let d be j(-4). Let h(q) = 3*q + 20. Let x be h(-6). Suppose 40 = x*a + d*a. Calculate the remainder when 37 is divided by a.
7
Let b(d) = -d**2 + 12*d. Let f be b(9). What is the remainder when (-6)/((6/f)/(-2)) is divided by 14/(-4)*(-4)/1?
12
Suppose 7*h + 0*h + 1722 = 0. Let z = -168 - h. Let t = -24 + 44. Calculate the remainder when z is divided by t.
18
Suppose 3*w - 1393 = -4*k, k - 271 = -2*w + 76. What is the remainder when k is divided by 35?
34
Suppose 387 - 3489 = -6*z. What is the remainder when z is divided by 8?
5
Suppose 0 = -3*d + 13 + 38. Let c be (-48)/14*98/(-28). Let h(v) = 3*v + 30. Calculate the remainder when h(c) is divided by d.
15
Let a(y) = y**2 + y + 6. Let v be 94/(-6) - (-12)/(-36). Calculate the remainder when (v/(-10))/((-2)/(-95)) is divided by a(-5).
24
Suppose 4*k + 5*o - 76 = 0, 405*k + 4*o = 407*k - 64. Let f(b) = b + 40. Calculate the remainder when f(0) is divided by k.
16
Let m be (-2)/5 - 4/(-10). Suppose 3*k + m - 3 = 0. Suppose 50 = 134*d - 128 + 44. What is the remainder when d is divided by k?
0
Suppose 5*i + 3*o - 2*o - 185 = 0, 37 = i + 2*o. Calculate the remainder when 104 is divided by i.
30
Let y be 5 - (4 - (-1 + 0)). Suppose y = -0*q + 4*q + 3*p - 115, -q = -2*p - 15. Let s = 0 + 9. What is the remainder when q is divided by s?
7
Suppose 9*r - 900 = -16*r. What is the remainder when r is divided by 14?
8
What is the remainder when 203 is divided by (-642)/(-9)*18/(-96)*-8?
96
Suppose h = -5*j + 11, 3*j + 10 = -2*h + 18. Calculate the remainder when j is divided by 3/(-9)*(-4 + 1).
0
Let p = -99 + 169. What is the remainder when 22 is divided by ((-112)/p)/(2/(-10))?
6
Let r(s) = -7*s + 3. Let g(k) = 13*k - 6. Let d(l) = 6*g(l) + 11*r(l). What is the remainder when d(5) is divided by 2?
0
Suppose -k = -0*k - 15. Let h = -15 + 5. What is the remainder when 6/h - (-474)/k is divided by 17?
14
Let c be (4 + -3)/(3/30). Let p be -13 - c - (0 + -3). Let x = 34 + p. Calculate the remainder when 54 is divided by x.
12
Suppose -w = -4*b - 27, w + 8*b - 4*b + 13 = 0. Suppose 2*s - 3 = 5*y + 11, -s + 2*y = -w. What is the remainder when 15 is divided by s?
1
What is the remainder when (-108 - -3)*(-1)/((-15)/(-10)) is divided by 2?
0
Suppose -x = s - 147, 8 = 44*s - 48*s. What is the remainder when x is divided by 15?
14
Let h(k) = -6*k**3 + 36*k**2 - 16*k - 40. Let i(u) = u**3 - 7*u**2 + 3*u + 8. Let l(o) = -2*h(o) - 11*i(o). Calculate the remainder when l(-4) is divided by 3.
0
Let g(u) = 10*u + 1. Let n be g(1). Let c = -5 + n. Suppose 5 = -4*d + m + 29, -d + c = -5*m. What is the remainder when 11 is divided by d?
5
Let d(u) = u**2 - 9. Let m be d(-3). Suppose 7*p - 2*p - 75 = m. Calculate the remainder when 44 is divided by p.
14
Let y = 174 - 88. Let o(c) = 16*c. Let g be o(1). Let k = 6 + g. Calculate the remainder when y is divided by k.
20
Suppose 51*r = 48*r + 27. Calculate the remainder when -12*2/5*-5 is divided by r.
6
Suppose 6*k - 1367 + 323 = 0. Calculate the remainder when k is divided by 73.
28
Let m(w